. Suppose -p + 3*u + y = -2, 4*p + u = 60. Calculate the highest common divisor of p and 70.
14
Suppose -5*t + t = 0. Let n be 2 + (t - 24/(-3)). Calculate the highest common factor of 110 and n.
10
Let b(u) = -u**2 + 10*u - 9. Let w be b(6). Suppose -73 - w = 4*f. Let j = f + 36. What is the highest common factor of j and 112?
14
Let j(n) = -2*n**3 - 10*n**2 - 25*n - 69. Let s be j(-6). Let b(o) = o**3 + 5*o**2 - o + 4. Let y be b(-5). What is the greatest common factor of y and s?
9
Let z be 2/(4*(-4)/184). Let a = z + 51. What is the greatest common factor of a and 308?
28
Suppose 0 = -3*v + 6*x + 60, 5*v - 5*x - 96 = 14. Calculate the highest common divisor of v and 120.
24
Let k be (-1)/6 + (-164)/24. Let h be k/(7/2)*-3. Suppose -3*w + 36 = 3*u, -w = 3*u - h - 24. What is the highest common divisor of u and 45?
9
Let i(l) = 4*l - 2. Let t be 8 - (12/4 + 0). Let v be i(t). What is the highest common divisor of v and 45?
9
Let x(o) = 5*o**2 - 6*o + 2. Let q be x(1). Let y = 2 + 3. Suppose y*i - 17 = 38. Calculate the greatest common divisor of q and i.
1
Let w be 0*(-9)/(-27) - -11*2. Let a be (88/6)/((-8)/36). Let z = -33 - a. What is the greatest common divisor of w and z?
11
Let x = 77 + -84. Let r be x/2*(-4 + 0). What is the greatest common divisor of 7 and r?
7
Let a(u) = -u**3 - 4*u**2 + 6*u + 5. Let f be a(-5). Suppose -2 = -3*i - 4*p + 199, f = -3*p + 9. What is the greatest common divisor of 9 and i?
9
Let i(p) = 2*p**3 - 4*p**2 - 2*p + 3. Suppose 5*t = -59 - 26. Let s = t + 20. Let d be i(s). Calculate the greatest common factor of d and 75.
15
Let b(v) = -v - 6. Let i be b(4). Let l be (-3 + i/(-3))/((-3)/(-306)). Let r be 0 - 1/(1/(-85)). What is the highest common factor of r and l?
17
Let j be (-5 - 3)/(-8) + 283. What is the highest common factor of j and 355?
71
Let d be (-56 - 4)/(-3) - 2. Let l = d - 17. What is the greatest common divisor of l and 1?
1
Suppose 16 = 4*w, 2*l - 6*w + w - 176 = 0. What is the highest common factor of 147 and l?
49
Let j(p) = p**3 + 5*p**2 - 7*p. Let q be j(-6). Let l = q - 5. Calculate the highest common factor of 2 and l.
1
Let j = 1035 - 684. What is the greatest common divisor of 13 and j?
13
Let a = 125 - 108. Calculate the greatest common factor of a and 102.
17
Let r be (-94)/(-423) + 4316/18. What is the highest common factor of r and 96?
48
Let j(x) = -x**3 + 12*x + 0 + 7*x**2 + 4 + 1. Let s be j(8). Calculate the greatest common factor of 333 and s.
37
Let v = -796 + 1006. What is the highest common divisor of 240 and v?
30
Let q(p) = 4*p**2 + 15*p - 6. Let f be q(-5). Let j = 1376 + -331. Suppose 0*k + 5*k = j. Calculate the highest common divisor of k and f.
19
Suppose 75 = 2*p + 11. Suppose 0 = 5*c - 10, -2*c + 2 + 2 = 3*j. Suppose j = -2*y - y + 48. What is the highest common factor of y and p?
16
Suppose 3*t + 42 = -48. Let i = t - -35. What is the greatest common factor of 25 and i?
5
Let k = 23 - -31. Let s(g) = -g**2 + 2*g - 32. Let m be s(0). Let d be (-2)/(-3) + m/(-6). Calculate the highest common divisor of k and d.
6
Suppose -316 = -3*b - i, -b + 2*i + 102 = -i. Calculate the greatest common divisor of b and 15.
15
Let m(t) = 27*t**3 - t. Let y be m(-1). Let p = y + -3. Let c = -7 - p. Calculate the greatest common divisor of 11 and c.
11
Suppose -2*c + 3*c = 37. Let h = c + -27. Calculate the greatest common divisor of h and 70.
10
Suppose 0 = 4*v + 3*k - 383, 189 = 8*v - 6*v + k. Calculate the highest common divisor of 69 and v.
23
Let y be 69/1 + -4 + 3. Suppose 731 = 41*v + 2*v. What is the greatest common divisor of y and v?
17
Let x(d) = d**2 + d + 2. Let n be x(-4). What is the greatest common factor of 56 and n?
14
Let k(w) = 13*w + 462. Let i be k(-34). What is the highest common factor of 130 and i?
10
Let u(z) = 3*z**2 + 49*z - 217. Let q be u(5). What is the greatest common factor of 1 and q?
1
Suppose -d + 77 = 3*d - s, 0 = 2*d - 3*s - 51. Suppose 2*w - d = -0*w. Let t be (-426)/(-12) + (-1)/(-2). What is the greatest common factor of w and t?
9
Let i be (42/4)/(-7)*16/12. Let m be i - -5 - ((-58)/(-1))/(-2). Calculate the highest common factor of 4 and m.
4
Let i(g) = -g**3 - 8*g**2 + 7*g + 1. Let b be i(-9). Suppose -5*w - 2*u + 257 = 0, 4*u - 36 = -w + b. Calculate the highest common divisor of 204 and w.
51
Let r be 362/12 + 3/(-18). Suppose 0 = 2*c + 3*k - r, -5*c + 3*k = -3*c - 42. Let l be 74/6 - (-1)/(-3). Calculate the highest common factor of l and c.
6
Let x be (-8)/((-8)/9) - -1. Let r be 14*(1 - 5/x). Calculate the greatest common factor of 56 and r.
7
Let c(a) = 2*a - 4. Let s be c(3). Suppose 5*l = 1525 - 1495. Let q be l/(((-1)/s)/(-1)). What is the highest common factor of q and 108?
12
Let r be (-2)/(-4 - ((-47)/6 + 4)). Suppose -5*a + 3*k + 35 = 0, -4*a + a - 3 = 3*k. Let v be (9/12)/(1/a). What is the greatest common factor of v and r?
3
Suppose -2*i + 5*i = 42. Suppose -g = -5*l + 35, -4*g - 1 + 5 = -2*l. Suppose 48 + l = 2*a. Calculate the highest common divisor of a and i.
14
Let j be (-25)/((6/4)/3). Let p be (-1020)/j + (-2)/5. Calculate the highest common divisor of 180 and p.
20
Suppose 3*j = -z + 496, -j - 2448 = 102*z - 107*z. What is the greatest common factor of 140 and z?
70
Suppose -3*o + 5*o + 138 = -3*c, 243 = -5*c + o. Let y = -20 - c. What is the greatest common factor of y and 42?
14
Let t(g) = g**2 - 11*g + 20. Let v be t(10). Let p(z) = 33*z - 29. Let x be p(v). Calculate the greatest common divisor of 43 and x.
43
Suppose 4*x = 434 + 34. Let q be 162/9 - 5/1. What is the greatest common divisor of q and x?
13
Let j(v) = 33 - v - 33. Let h be j(-7). Suppose -40 = -2*a + 3*m, -2*m = 3*a + 2*m - 26. Calculate the highest common factor of a and h.
7
Suppose 0*s - 3*s + 6 = 0. Suppose 0 = 2*c + 3*j + s*j - 152, j = 4*c - 260. Let o = -3 + c. Calculate the highest common divisor of o and 9.
9
Let r = 250 + -242. Calculate the greatest common factor of r and 40.
8
Suppose 3*i + 11 + 19 = 0. Suppose 0 = 5*s - 46*s - 41. Let y be (i/5)/(s/9). What is the greatest common divisor of y and 18?
18
Let z = -11 - -12. Let a = -2 - z. Let y be (-629)/a - (-2)/6. What is the greatest common factor of 30 and y?
30
Suppose b - 4*b + 1530 = 5*n, -n = -5*b - 278. Suppose n = -15*u + 18*u. Let i be 2*2 + 14 + u. What is the highest common factor of i and 17?
17
Let f = -5 + 5. Suppose f = -4*m - 1 + 9. Suppose 21 = m*w - 105. Calculate the greatest common factor of 9 and w.
9
Suppose -36 = -0*d - 3*d. Let r = -6740 - -6746. Calculate the highest common factor of r and d.
6
Let v be -41 - (14/(-6) + (-4)/6). Let h = 4 - v. Calculate the greatest common factor of 147 and h.
21
Suppose 2*b - b = 44. Suppose 22 = 3*w - b. Suppose -a + 143 = 12*a. What is the highest common factor of a and w?
11
Let y be 44/10 - 6/15. Suppose -4*h + s + 23 = -123, -y*h - 4*s = -156. Calculate the greatest common factor of 407 and h.
37
Let p = -28 - -28. Suppose 10*j - 9*j - 30 = p. What is the greatest common divisor of j and 45?
15
Suppose -6*f + 3*f + 11 = g, 4*f - 3*g = 19. Let t(s) = -s - f*s**2 + 0*s + 3*s**2 - 4*s + 4. Let n be t(-3). What is the greatest common divisor of n and 110?
10
Suppose 3*z + 54 = 21*z. Suppose 5*d + p = d + 165, -3*p - 177 = -4*d. Suppose z*b - d = 2*b. Calculate the highest common factor of b and 6.
6
Let g be 2 + -1 - (-33 + -8). Suppose -3*r + 0*r - g = 0. Let w = r - -20. What is the greatest common factor of w and 18?
6
Suppose 2*i = -i + 66. Suppose -2 = -4*g - i, 3*q - 4*g - 140 = 0. Calculate the highest common factor of 40 and q.
40
Let i(f) = -f**2 + 12*f - 2. Let y be i(5). Let o = -21 + y. Suppose -8*r - 23 = -h - 3*r, 3*h - 2*r = 30. Calculate the highest common divisor of o and h.
4
Let p(y) = 2*y + 12. Let u be p(0). Suppose d - 4*n = -8 - 6, 0 = -5*d + 5*n - 25. Let x be d/u - 86/(-12). Calculate the highest common divisor of 28 and x.
7
Suppose -1317*k = -1313*k - 496. Calculate the highest common divisor of 341 and k.
31
Let o be 3/((-32)/(-112)*(-1)/(-2)). Calculate the highest common divisor of 105 and o.
21
Let i(m) = 5*m**2 + 27*m - 17. Let x be i(5). What is the highest common divisor of x and 9?
9
Let y = 0 - -1. Let g be ((-42)/28)/(1/(-2)). Suppose -j = g*d - 3*j - 35, 2*j = -8. Calculate the hi